{"version":"1.0","provider_name":"Anya, n\u0151, sport.","provider_url":"https:\/\/anyasport.cafeblog.hu","author_name":"Ren\u00e1ta T\u0151k\u00e9s","author_url":"https:\/\/anyasport.cafeblog.hu\/author\/tszrenkagmail-com\/","title":"SpartanAnyu","html":"<p style=\"text-align: justify\">Spartan. Sok\u00e1ig csak n\u00e9zegettem a fot\u00f3kat, agyaltam rajta, hogy mennyi \u00e9s milyen felk\u00e9sz\u00fcl\u00e9s kellhet ehhez, \u00e9s hogy vajon \u00e9n magam k\u00e9pes lenn\u00e9k-e \u00e1tl\u00e9pni azt a bizonyos komfortz\u00f3na hat\u00e1rt. Az\u00e9rt a s\u00e1r, a vizes \u00e1rok, a j\u00f3 magas akad\u00e1lyok sok\u00e1ig visszatartottak.<\/p>\r\n<p><img class=\"aligncenter size-large wp-image-1964\" src=\"https:\/\/anyasport.cafeblog.hu\/files\/2018\/06\/35199036_2059733400765653_8694024442973519872_n-400x600.jpg\" alt=\"\" width=\"400\" height=\"600\" \/><\/p>\r\n<p style=\"text-align: justify\">2 \u00e9ve a saj\u00e1t v\u00e1rosomban ker\u00fclt megrendez\u00e9sre az esem\u00e9ny, konkr\u00e9tan 1 km-re a h\u00e1zunkt\u00f3l, \u00edgy fogtam a gyerekeket, \u00e9s les\u00e9t\u00e1ltunk b\u00e1m\u00e9szkodni. Azonnal mag\u00e1val ragadott a hangulat. A gyerekek persze r\u00f6gt\u00f6n indulni is akartak - \u00e9s h\u00e1t mi\u00e9rt ne? Nekik nyitott volt m\u00e9g a helysz\u00edni nevez\u00e9s, \u00edgy h\u00e1t \u00e9letem els\u0151 Spartan versenye 3 \u00e9ves fiammal a gyermek p\u00e1ly\u00e1n t\u00f6rt\u00e9nt. A sr\u00e1cok annyira \u00e9lvezt\u00e9k, hogy m\u00e1r ott megk\u00e9rtek, hogy a legk\u00f6zelebbire is j\u00f6hessenek.\u00c9s akkor ott eld\u00f6nt\u00f6ttem, h\u00e1t \u00e9n is benevezek majd.<\/p>\r\n<p><img class=\"alignright wp-image-1961 size-medium\" src=\"https:\/\/anyasport.cafeblog.hu\/files\/2018\/06\/17629860_1300413116694603_9048230051187693594_n-300x300.jpg\" alt=\"\" width=\"300\" height=\"300\" \/><\/p>\r\n<p style=\"text-align: justify\">Az\u00f3ta most V\u00e1rgesztes a 2. Spartan Sprint \u2013 Elit versenyem volt.<\/p>\r\n<p style=\"text-align: justify\">A k\u00e9t p\u00e1lya nem volt \u00e1m egyforma! Amire sz\u00e1m\u00edtottam az els\u0151 ut\u00e1n, az itt nem volt, amire nem sz\u00e1m\u00edtottam, az itt volt. (pl. a TEZQG4 \u2013 aki \u00e9rti :-))<\/p>\r\n<p style=\"text-align: justify\">De nagyon nagy \u00e9lm\u00e9ny volt mind a kett\u0151! Az \u00f6nk\u00e9ntesek v\u00e9gig lelkes\u00edtettek, elmagyar\u00e1zt\u00e1k, hogy melyik akad\u00e1lyon mit kell csin\u00e1lni, ha m\u00e1r \u00e9n magam nem k\u00e9sz\u00fcltem annyira fel \u2013 \u00e9rts itt, hogy hi\u00e1ba j\u00f6tt szembe a szab\u00e1lyk\u00f6nyv \u00e9s az akad\u00e1lyok bemutat\u00e1sa a facebookon, annyira nem volt id\u0151m, hogy nem olvastam el.<\/p>\r\n<p style=\"text-align: justify\">\u00cdgy h\u00e1t megjelentem 40 perccel az indul\u00e1s el\u0151tt \u2013 \u00e9s azt sem tudtam, mi v\u00e1r r\u00e1m. :-) A leveg\u0151 p\u00e1ra tartalma borzalmasan magas volt, de legal\u00e1bb nem esett (vas\u00e1rnap).<\/p>\r\n<p>&nbsp;<\/p>\r\n<p style=\"text-align: justify\">J\u00f3 kis buliz\u00f3s, hangulatos k\u00f6z\u00f6s bemeleg\u00edt\u00e9s ut\u00e1n a rajthoz\u00a0m\u00e1r \u00fagy tudt\u00e1l bejutni, ha egy magas falat \u00e1tm\u00e1szt\u00e1l. Azt\u00e1n r\u00f6gt\u00f6n egy f\u00fcstbomba, majd fut\u00e1s \u00e9s akad\u00e1ly felv\u00e1ltva, 10 km-en \u00e1t.<\/p>\r\n<p>&nbsp;<\/p>\r\n<p><img class=\"aligncenter size-large wp-image-1963\" src=\"https:\/\/anyasport.cafeblog.hu\/files\/2018\/06\/35026348_2060419600697033_4818159901098377216_n-600x336.jpg\" alt=\"\" width=\"600\" height=\"336\" \/><\/p>\r\n<p style=\"text-align: justify\">Mindenki tapsolt, hajr\u00e1zott, a nevemen sz\u00f3l\u00edtott (na j\u00f3, a p\u00f3l\u00f3mra is r\u00e1 volt \u00edrva, de akkor is!). Volt b\u00fcnti is - ami alkalmank\u00e9nt 30 burpee-t jelentett. A sok h\u00faz\u00f3dzkod\u00e1s, majom l\u00e9tra, fal m\u00e1sz\u00e1s \u00e9s egy\u00e9b magas akad\u00e1lyok t\u00e9nyleg a hat\u00e1raimat feszegett\u00e9k.<\/p>\r\n<blockquote>\r\n<p style=\"text-align: justify\"><strong>Az Elitben nincs seg\u00edts\u00e9g, itt csak Te vagy, magadat kell legy\u0151zni.<\/strong><\/p>\r\n<\/blockquote>\r\n<p style=\"text-align: justify\">Mivel nem ez a f\u0151 sportom, nem ez a f\u0151 edz\u00e9sem - csak b\u00e1multam azokat a l\u00e1nyokat, akik ezt \"f\u0151\u00e1ll\u00e1sban\" csin\u00e1lj\u00e1k, akik csak erre edzenek - hihetetlen \u00fcgyesek \u00e9s er\u0151sek.\u00a0<\/p>\r\n<p style=\"text-align: justify\">Nekem ez a \"buli\" sport marad, ahol nem az id\u0151 sz\u00e1m\u00edt, hanem hogy teljes\u00edtsem \u00fagy, hogy el\u00e9gedett legyek magammal - ne \u00e1lljak meg, ne adjam fel. Olyan feladatokat csin\u00e1lok meg, amit m\u00e1shol nem, \u00e9s n\u00e9ha saj\u00e1t magam is led\u00f6bbenek, hogy erre k\u00e9pes vagyok! <strong>A komfortz\u00f3na fogalma tot\u00e1l tiszt\u00e1z\u00f3dik itt - \u00e9n a s\u00e1rban???<\/strong><\/p>\r\n<p><img class=\"aligncenter size-large wp-image-1966\" src=\"https:\/\/anyasport.cafeblog.hu\/files\/2018\/06\/35051424_1717059195029991_7172089965453508608_n-1-600x450.jpg\" alt=\"\" width=\"600\" height=\"450\" \/><\/p>\r\n<p style=\"text-align: justify\">\u00c9s igen, gondolkod\u00e1s n\u00e9lk\u00fcl lebukok a s\u00e1rg\u00f6d\u00f6rben, \u00e9s ugrok bele a t\u00f3ba - ruh\u00e1ban, cip\u0151ben.\u00a0<\/p>\r\n<blockquote>\r\n<p style=\"text-align: justify\"><strong>Saj\u00e1t magam hat\u00e1rait feszegetem - \u00e9s az el\u00e9gedetts\u00e9g, hogy k\u00e9pes vagyok r\u00e1, a tudat, hogy megcsin\u00e1ltam, a kaland \u00e9s a kih\u00edv\u00e1s, a folyamatos buli hangulat, a t\u00e1mogat\u00e1s, a bajt\u00e1rsiass\u00e1g \u00e9rz\u00e9se egy\u00fctt - felbecs\u00fclhetetlen.\u00a0<\/strong><\/p>\r\n<\/blockquote>\r\n<p style=\"text-align: justify\">\u00c9s amikor ezt hiszed, hogy v\u00e9ge, hogy m\u00e1r nem b\u00edrod tov\u00e1bb, a verseny v\u00e9g\u00e9n egym\u00e1s mellett m\u00e9g a karik\u00e1kkal \u00e9s k\u00f6t\u00e9l darabokkal t\u0171zdelt akad\u00e1ly, amin az er\u0151n k\u00edv\u00fcl a taktika is fontos!<\/p>\r\n<p style=\"text-align: justify\"><strong>Hihetetlen egy verseny ez. A semmib\u0151l p\u00e1r nap alatt ott terem, \u00e9s p\u00e1r nap ut\u00e1n semmi nyoma<\/strong>. Egy g\u00f6d\u00f6r, egy szem\u00e9t, egy arra utal\u00f3 jel sem marad, hogy ott voltak. \u00d6nk\u00e9ntesek seg\u00edtenek, t\u00e1mogatnak, g\u00f6rd\u00fcl\u00e9kenyen zajlik minden.<\/p>\r\n<p style=\"text-align: justify\">Megyek j\u00f6v\u0151re is! :-)\u00a0<\/p>\r\n<p><img class=\"aligncenter size-large wp-image-1970\" src=\"https:\/\/anyasport.cafeblog.hu\/files\/2018\/06\/34985010_1717059305029980_2010656388065263616_n-600x450.jpg\" alt=\"\" width=\"600\" height=\"450\" \/><\/p>\r\n<p style=\"text-align: justify\">A versenyr\u0151l szuper kis \u00f6sszefoglal\u00f3t \u00edrt egy Facebook csoportban <strong>Sisak Zs\u00f3fia, a Spartan Hungary Versenyigazgat\u00f3ja<\/strong>, ebb\u0151l id\u00e9zek m\u00e9g, hogy ne csak a lelkes amat\u0151r szavait olvasd: :-)\u00a0\u00a0<\/p>\r\n<p style=\"text-align: justify\">\"A Spartan is terepfut\u00e1s (nem ultra fut\u00e1s) akad\u00e1lyokkal kieg\u00e9sz\u00edtve. A r\u00e9sztvev\u0151ink k\u00f6z\u00f6tt van egy sz\u0171k, de egyre er\u0151s\u00f6d\u0151 r\u00e9teg, akik eredm\u00e9ny centrikusak, komoly felk\u00e9sz\u00fcl\u00e9s mellett komoly sport teljes\u00edtm\u00e9nyt produk\u00e1lnak. Van egy sokkal nagyobb csoport, akik sz\u00e1m\u00e1ra a Spartan egyfajta kih\u00edv\u00e1s, \u00e9s szeretn\u00e9k a hat\u00e1raikat feszegetni - a kond\u00edci\u00f3, a h\u00e1tt\u00e9r, a motiv\u00e1ci\u00f3 azonban sokf\u00e9le lehet.<\/p>\r\n<p style=\"text-align: justify\">...<\/p>\r\n<p style=\"text-align: justify\">Fontos a k\u00f6rnyezettudatoss\u00e1g \u00e9s a term\u00e9szet - igyeksz\u00fcnk bebizony\u00edtani az eg\u00e9sz orsz\u00e1gnak, hogy lehets\u00e9ges nagy rendezv\u00e9nyeket kultur\u00e1lt m\u00f3don, figyelve m\u00e1sokra \u00e9s a k\u00f6rnyezet\u00fcnkre lebonyol\u00edtani.<\/p>\r\n<p style=\"text-align: justify\">A r\u00e9sztvev\u0151k futamokban rajtolnak, egy futamban 250 f\u0151 indulhat. Az akad\u00e1lyok seg\u00edts\u00e9g\u00e9vel az els\u0151 n\u00e9h\u00e1ny sz\u00e1z m\u00e9teren sz\u00e9th\u00fazzuk a mez\u0151nyt, \u00edgy a fut\u00f3k 1-2 ember sz\u00e9less\u00e9g\u0171 sorban futnak a jel\u00f6lt \u00fatvonalon, ak\u00e1rcsak a terepfut\u00f3 versenyeken.<br \/> ...<\/p>\r\n<p style=\"text-align: justify\"><strong>Megj\u00f6tt a kedved? M\u00e9g van id\u0151d felk\u00e9sz\u00fclni, okt\u00f3berben lesz a k\u00f6vetkez\u0151 Spartan Miskolcon!\u00a0<\/strong><\/p>\r\n<p style=\"text-align: justify\"><strong>Aroo!\u00a0<\/strong><\/p>\r\n<p>[embed]https:\/\/www.youtube.com\/watch?v=sPnGzVqZe_M&amp;feature=youtu.be[\/embed]<\/p>\r\n<p style=\"text-align: justify\">\u00a0<\/p>\r\n<p style=\"text-align: justify\">\u00a0<\/p>\r\n<p style=\"text-align: justify\"><img class=\" wp-image-1967 alignright\" src=\"https:\/\/anyasport.cafeblog.hu\/files\/2018\/06\/34855884_1716714245064486_2346864151663476736_n-1-361x600.jpg\" alt=\"\" width=\"254\" height=\"422\" \/><\/p>\r\n<div style=\"text-align: justify\">\r\n<div style=\"text-align: right\">\u00a0<\/div>\r\n<\/div>\r\n<p style=\"text-align: right\"><strong>T\u0151k\u00e9s Ren\u00e1ta<br \/><\/strong><\/p>\r\n<div style=\"text-align: justify\">\r\n<div style=\"text-align: right\">\r\n<div>Fitness edz\u0151, Pre- \u00e9s posztnat\u00e1lis Fitness Specialista\u00a0(AFPA),<\/div>\r\n<div>Okleveles Kangatrainer,<\/div>\r\n<div>PreKanga \u00e9s KangaBurn edz\u0151,<\/div>\r\n<div>RTM \u2013 Rectus Training M\u00f3dszer Alap\u00edt\u00f3,<\/div>\r\n<div>Foam Roller \u00e9s AcuTape terapeuta,<\/div>\r\n<div>Beactive \u00c1llapotos torna a szem\u00e9lyi edz\u00e9sben oktat\u00f3<\/div>\r\n<\/div>\r\n<div style=\"text-align: right\">Kangatraining Magyarorsz\u00e1g Orsz\u00e1gos Vezet\u0151<\/div>\r\n<div style=\"text-align: right\">Jumpplus World Ugr\u00f3k\u00f6t\u00e9l Fitnesz Oktat\u00f3<\/div>\r\n<div style=\"text-align: right\">Fut\u00f3technikai edz\u0151<\/div>\r\n<div style=\"text-align: right\"><a href=\"https:\/\/www.facebook.com\/anyanosport\">https:\/\/www.facebook.com\/anyanosport<\/a><\/div>\r\n<div style=\"text-align: right\"><a href=\"https:\/\/www.facebook.com\/rectustraining\/\">https:\/\/www.facebook.com\/rectustraining\/<\/a><\/div>\r\n<div style=\"text-align: right\"><a href=\"https:\/\/www.facebook.com\/KangatrainingMagyarorszag\/\">https:\/\/www.facebook.com\/KangatrainingMagyarorszag\/<\/a><\/div>\r\n<\/div>","type":"rich","thumbnail_url":"https:\/\/anyasport.cafeblog.hu\/files\/2018\/06\/35199036_2059733400765653_8694024442973519872_n-150x150.jpg","thumbnail_width":150,"thumbnail_height":150}

Anya, nő, sport.

Renáta Tőkés

<p style="text-align: justify">Spartan. Sokáig csak nézegettem a fotókat, agyaltam rajta, hogy mennyi és milyen felkészülés kellhet ehhez, és hogy vajon én magam képes lennék-e átlépni azt a bizonyos komfortzóna határt. Azért a sár, a vizes árok, a jó magas akadályok sokáig visszatartottak.</p>
<p><img class="aligncenter size-large wp-image-1964" src="https://anyasport.cafeblog.hu/files/2018/06/35199036_2059733400765653_8694024442973519872_n-400x600.jpg" alt="" width="400" height="600" /></p>
<p style="text-align: justify">2 éve a saját városomban került megrendezésre az esemény, konkrétan 1 km-re a házunktól, így fogtam a gyerekeket, és lesétáltunk bámészkodni. Azonnal magával ragadott a hangulat. A gyerekek persze rögtön indulni is akartak - és hát miért ne? Nekik nyitott volt még a helyszíni nevezés, így hát életem első Spartan versenye 3 éves fiammal a gyermek pályán történt. A srácok annyira élvezték, hogy már ott megkértek, hogy a legközelebbire is jöhessenek.És akkor ott eldöntöttem, hát én is benevezek majd.</p>
<p><img class="alignright wp-image-1961 size-medium" src="https://anyasport.cafeblog.hu/files/2018/06/17629860_1300413116694603_9048230051187693594_n-300x300.jpg" alt="" width="300" height="300" /></p>
<p style="text-align: justify">Azóta most Várgesztes a 2. Spartan Sprint – Elit versenyem volt.</p>
<p style="text-align: justify">A két pálya nem volt ám egyforma! Amire számítottam az első után, az itt nem volt, amire nem számítottam, az itt volt. (pl. a TEZQG4 – aki érti :-))</p>
<p style="text-align: justify">De nagyon nagy élmény volt mind a kettő! Az önkéntesek végig lelkesítettek, elmagyarázták, hogy melyik akadályon mit kell csinálni, ha már én magam nem készültem annyira fel – érts itt, hogy hiába jött szembe a szabálykönyv és az akadályok bemutatása a facebookon, annyira nem volt időm, hogy nem olvastam el.</p>
<p style="text-align: justify">Így hát megjelentem 40 perccel az indulás előtt – és azt sem tudtam, mi vár rám. :-) A levegő pára tartalma borzalmasan magas volt, de legalább nem esett (vasárnap).</p>
<p>&nbsp;</p>
<p style="text-align: justify">Jó kis bulizós, hangulatos közös bemelegítés után a rajthoz már úgy tudtál bejutni, ha egy magas falat átmásztál. Aztán rögtön egy füstbomba, majd futás és akadály felváltva, 10 km-en át.</p>
<p>&nbsp;</p>
<p><img class="aligncenter size-large wp-image-1963" src="https://anyasport.cafeblog.hu/files/2018/06/35026348_2060419600697033_4818159901098377216_n-600x336.jpg" alt="" width="600" height="336" /></p>
<p style="text-align: justify">Mindenki tapsolt, hajrázott, a nevemen szólított (na jó, a pólómra is rá volt írva, de akkor is!). Volt bünti is - ami alkalmanként 30 burpee-t jelentett. A sok húzódzkodás, majom létra, fal mászás és egyéb magas akadályok tényleg a határaimat feszegették.</p>
<blockquote>
<p style="text-align: justify"><strong>Az Elitben nincs segítség, itt csak Te vagy, magadat kell legyőzni.</strong></p>
</blockquote>
<p style="text-align: justify">Mivel nem ez a fő sportom, nem ez a fő edzésem - csak bámultam azokat a lányokat, akik ezt "főállásban" csinálják, akik csak erre edzenek - hihetetlen ügyesek és erősek. </p>
<p style="text-align: justify">Nekem ez a "buli" sport marad, ahol nem az idő számít, hanem hogy teljesítsem úgy, hogy elégedett legyek magammal - ne álljak meg, ne adjam fel. Olyan feladatokat csinálok meg, amit máshol nem, és néha saját magam is ledöbbenek, hogy erre képes vagyok! <strong>A komfortzóna fogalma totál tisztázódik itt - én a sárban???</strong></p>
<p><img class="aligncenter size-large wp-image-1966" src="https://anyasport.cafeblog.hu/files/2018/06/35051424_1717059195029991_7172089965453508608_n-1-600x450.jpg" alt="" width="600" height="450" /></p>
<p style="text-align: justify">És igen, gondolkodás nélkül lebukok a sárgödörben, és ugrok bele a tóba - ruhában, cipőben. </p>
<blockquote>
<p style="text-align: justify"><strong>Saját magam határait feszegetem - és az elégedettség, hogy képes vagyok rá, a tudat, hogy megcsináltam, a kaland és a kihívás, a folyamatos buli hangulat, a támogatás, a bajtársiasság érzése együtt - felbecsülhetetlen. </strong></p>
</blockquote>
<p style="text-align: justify">És amikor ezt hiszed, hogy vége, hogy már nem bírod tovább, a verseny végén egymás mellett még a karikákkal és kötél darabokkal tűzdelt akadály, amin az erőn kívül a taktika is fontos!</p>
<p style="text-align: justify"><strong>Hihetetlen egy verseny ez. A semmiből pár nap alatt ott terem, és pár nap után semmi nyoma</strong>. Egy gödör, egy szemét, egy arra utaló jel sem marad, hogy ott voltak. Önkéntesek segítenek, támogatnak, gördülékenyen zajlik minden.</p>
<p style="text-align: justify">Megyek jövőre is! :-) </p>
<p><img class="aligncenter size-large wp-image-1970" src="https://anyasport.cafeblog.hu/files/2018/06/34985010_1717059305029980_2010656388065263616_n-600x450.jpg" alt="" width="600" height="450" /></p>
<p style="text-align: justify">A versenyről szuper kis összefoglalót írt egy Facebook csoportban <strong>Sisak Zsófia, a Spartan Hungary Versenyigazgatója</strong>, ebből idézek még, hogy ne csak a lelkes amatőr szavait olvasd: :-)  </p>
<p style="text-align: justify">"A Spartan is terepfutás (nem ultra futás) akadályokkal kiegészítve. A résztvevőink között van egy szűk, de egyre erősödő réteg, akik eredmény centrikusak, komoly felkészülés mellett komoly sport teljesítményt produkálnak. Van egy sokkal nagyobb csoport, akik számára a Spartan egyfajta kihívás, és szeretnék a határaikat feszegetni - a kondíció, a háttér, a motiváció azonban sokféle lehet.</p>
<p style="text-align: justify">...</p>
<p style="text-align: justify">Fontos a környezettudatosság és a természet - igyekszünk bebizonyítani az egész országnak, hogy lehetséges nagy rendezvényeket kulturált módon, figyelve másokra és a környezetünkre lebonyolítani.</p>
<p style="text-align: justify">A résztvevők futamokban rajtolnak, egy futamban 250 fő indulhat. Az akadályok segítségével az első néhány száz méteren széthúzzuk a mezőnyt, így a futók 1-2 ember szélességű sorban futnak a jelölt útvonalon, akárcsak a terepfutó versenyeken.<br /> ...</p>
<p style="text-align: justify"><strong>Megjött a kedved? Még van időd felkészülni, októberben lesz a következő Spartan Miskolcon! </strong></p>
<p style="text-align: justify"><strong>Aroo! </strong></p>
<p>[embed]https://www.youtube.com/watch?v=sPnGzVqZe_M&amp;feature=youtu.be[/embed]</p>
<p style="text-align: justify"> </p>
<p style="text-align: justify"> </p>
<p style="text-align: justify"><img class=" wp-image-1967 alignright" src="https://anyasport.cafeblog.hu/files/2018/06/34855884_1716714245064486_2346864151663476736_n-1-361x600.jpg" alt="" width="254" height="422" /></p>
<div style="text-align: justify">
<div style="text-align: right"> </div>
</div>
<p style="text-align: right"><strong>Tőkés Renáta<br /></strong></p>
<div style="text-align: justify">
<div style="text-align: right">
<div>Fitness edző, Pre- és posztnatális Fitness Specialista (AFPA),</div>
<div>Okleveles Kangatrainer,</div>
<div>PreKanga és KangaBurn edző,</div>
<div>RTM – Rectus Training Módszer Alapító,</div>
<div>Foam Roller és AcuTape terapeuta,</div>
<div>Beactive Állapotos torna a személyi edzésben oktató</div>
</div>
<div style="text-align: right">Kangatraining Magyarország Országos Vezető</div>
<div style="text-align: right">Jumpplus World Ugrókötél Fitnesz Oktató</div>
<div style="text-align: right">Futótechnikai edző</div>
<div style="text-align: right"><a href="https://www.facebook.com/anyanosport">https://www.facebook.com/anyanosport</a></div>
<div style="text-align: right"><a href="https://www.facebook.com/rectustraining/">https://www.facebook.com/rectustraining/</a></div>
<div style="text-align: right"><a href="https://www.facebook.com/KangatrainingMagyarorszag/">https://www.facebook.com/KangatrainingMagyarorszag/</a></div>
</div>
